{"id":21,"date":"2023-12-30T20:04:44","date_gmt":"2023-12-30T19:04:44","guid":{"rendered":"https:\/\/palaisdelinde-sallanches.fr\/?page_id=21"},"modified":"2024-01-02T14:33:15","modified_gmt":"2024-01-02T13:33:15","slug":"contacts","status":"publish","type":"page","link":"https:\/\/palaisdelinde-sallanches.fr\/index.php\/contacts\/","title":{"rendered":"Contacts"},"content":{"rendered":"\n<p><br>Num\u00e9ro de t\u00e9l\u00e9phone :<\/p>\n\n\n\n<p><strong>04 50 91 56 23<\/strong><\/p>\n\n\n\n<h2 class=\"wp-block-heading\">Adresse<\/h2>\n\n\n\n<p>162 rue Chenal, 74700 Sallanches<\/p>\n\n\n\t\t<div id=\"wpmapblock_33d4b08e\" data-settings='{&quot;map_marker&quot;:[{&quot;lat&quot;:&quot;45.9344849&quot;,&quot;lng&quot;:&quot;6.6325172&quot;,&quot;title&quot;:&quot;Le Palais de l&amp;#039;Inde&quot;,&quot;content&quot;:&quot;Restaurant indien authentique&quot;,&quot;iconType&quot;:&quot;custom&quot;,&quot;customIconUrl&quot;:&quot;http:\\\/\\\/palaisdelinde-sallanches.fr\\\/wp-content\\\/uploads\\\/2023\\\/12\\\/favicon-32x32-1.png&quot;,&quot;customIconWidth&quot;:&quot;25&quot;,&quot;customIconHeight&quot;:&quot;40&quot;}],&quot;map_zoom&quot;:&quot;16&quot;,&quot;scroll_wheel_zoom&quot;:false,&quot;map_type&quot;:&quot;GM&quot;,&quot;center_index&quot;:0}' class=\"wpmapblockrender\" style=\"\n\t\t\twidth: 70%;\n\t\t\theight: 500px;\n\t\t\"><\/div>\n        ","protected":false},"excerpt":{"rendered":"<p>Num\u00e9ro de t\u00e9l\u00e9phone : 04 50 91 56 23 Adresse 162 rue Chenal, 74700 Sallanches<\/p>\n","protected":false},"author":1,"featured_media":0,"parent":0,"menu_order":0,"comment_status":"closed","ping_status":"closed","template":"","meta":{"om_disable_all_campaigns":false,"_monsterinsights_skip_tracking":false,"_monsterinsights_sitenote_active":false,"_monsterinsights_sitenote_note":"","_monsterinsights_sitenote_category":0,"footnotes":""},"aioseo_notices":[],"_links":{"self":[{"href":"https:\/\/palaisdelinde-sallanches.fr\/index.php\/wp-json\/wp\/v2\/pages\/21"}],"collection":[{"href":"https:\/\/palaisdelinde-sallanches.fr\/index.php\/wp-json\/wp\/v2\/pages"}],"about":[{"href":"https:\/\/palaisdelinde-sallanches.fr\/index.php\/wp-json\/wp\/v2\/types\/page"}],"author":[{"embeddable":true,"href":"https:\/\/palaisdelinde-sallanches.fr\/index.php\/wp-json\/wp\/v2\/users\/1"}],"replies":[{"embeddable":true,"href":"https:\/\/palaisdelinde-sallanches.fr\/index.php\/wp-json\/wp\/v2\/comments?post=21"}],"version-history":[{"count":7,"href":"https:\/\/palaisdelinde-sallanches.fr\/index.php\/wp-json\/wp\/v2\/pages\/21\/revisions"}],"predecessor-version":[{"id":71,"href":"https:\/\/palaisdelinde-sallanches.fr\/index.php\/wp-json\/wp\/v2\/pages\/21\/revisions\/71"}],"wp:attachment":[{"href":"https:\/\/palaisdelinde-sallanches.fr\/index.php\/wp-json\/wp\/v2\/media?parent=21"}],"curies":[{"name":"wp","href":"https:\/\/api.w.org\/{rel}","templated":true}]}}